+ y - 2. Let q(f) = k*j(f) + z(f). What is q(4)?
-1
Let s be 30/8 - (-1)/4. Let f(x) be the first derivative of x**4/24 - x**3/6 + x**2 - 2. Let y(q) be the second derivative of f(q). Calculate y(s).
3
Let h(t) = -5*t**2 - t**3 - 2*t**3 + 4*t**3 + 5 - 6*t. Suppose -41 = -3*i - 23. What is h(i)?
5
Suppose 0 = 3*t - 3 - 3. Let l be (t - (-3)/(-1))/1. Let b(h) = 3*h**3 - h. Give b(l).
-2
Let l = -23 + 25. Let u(k) = -2*k**2 - k + 1. Determine u(l).
-9
Let v be 1 + 6 - (-4 - -5). Let y be (-3)/(-1*v)*4. Let d(l) = -3*l + 2*l - 2 - l**y + 0*l**2. Calculate d(-2).
-4
Suppose 3*g + v + 23 = 2*v, -3*g - 39 = 3*v. Let a = g + 5. Let t(y) = 3*y + 1. Let r(b) = -b - 1. Let k(f) = -6*r(f) - t(f). Determine k(a).
-7
Let a(i) = -i**3 - 4*i**2 - 2*i + 4. Let k be (-2)/4*(2 - -6). Let z = 1 - k. Suppose -4*v = -z*p + 2, 5*v - 1 = p - 14. What is a(v)?
1
Let r(q) = q**2 + 7*q - 10. Suppose 0*i = -2*i - 16. Let d be r(i). Let s(z) = z**3 + 3*z**2 + 2*z + 1. Determine s(d).
1
Let z(q) = -q**2 - 10*q - 10. Let x = -16 - -9. Give z(x).
11
Suppose 3*i - 9 = -3. Suppose i*o - 4 = -2*o. Let n(u) = -6*u**2 - 5*u - 5. Let g(d) = -d**2 - d - 1. Let k(a) = -5*g(a) + n(a). What is k(o)?
-1
Let q = -4 - 3. Let v be q*((-12)/14)/1. Let h(l) = -l**2 + 5*l. Determine h(v).
-6
Let b be (-3)/(-30)*4*-10. Let o(i) be the third derivative of 0*i + 1/4*i**4 + 0 + i**3 + 2*i**2 + 1/12*i**5 + 1/120*i**6. Calculate o(b).
-2
Let a(u) = u + 9. Let y be a(7). Suppose -2*b - 2*b + y = 0. Let g(h) = h - 3*h + 0 + 0*h - 1. Give g(b).
-9
Suppose 5*y - 35 = -0*i - 4*i, 0 = 2*y - 6. Let b(f) = -2*f + 7. Determine b(i).
-3
Let n be (-2)/2*(-3 + 2). Let i = n + -2. Let s(r) = -1 + 2 + r**3 + 0. Calculate s(i).
0
Let t = 0 + 2. Suppose -3*y + 30 = t*y. Let j(d) = -5*d**3 + 9. Let i(g) = 11*g**3 - 19. Let x(f) = y*i(f) + 13*j(f). Determine x(0).
3
Let j(h) = h + 2. Let s = -19 + 13. Give j(s).
-4
Suppose 0 = 4*z - 3*c - 25, 0 = -4*z + c + 35. Let q(i) = -i**2 + 11*i - 11. Determine q(z).
-1
Let n(g) be the third derivative of g**6/360 + 7*g**5/120 + 7*g**4/24 + 5*g**3/6 + 3*g**2. Let x(u) be the first derivative of n(u). Determine x(-7).
7
Suppose 1 - 31 = -5*c. Let u(x) = 2*x - 8. Let z be u(c). Suppose -s + 4*s = f + 18, 0 = z*s + 3*f - 11. Let p(o) = -o**2 + 7*o - 6. Calculate p(s).
4
Suppose 4*l - 5 = 11. Let w(z) = -1 - 4*z + l*z - 6*z + 5*z + z**2. Give w(0).
-1
Suppose -2*v - 16 = 4*x, 0 = -5*v - 0*v - x - 22. Let f(g) = g**2 + 4*g + 4. Give f(v).
4
Let d(r) = 5*r**2 - 5 - 4*r**2 + 1. Determine d(-3).
5
Suppose 2*f + 28 = -2*f. Let j = f - -8. Suppose -5*o - 5*q + 4 = -j, -2*o + 5 = 5*q. Let c(b) = -b + 6. Determine c(o).
6
Let g(x) be the third derivative of 0 + 2*x**2 + 0*x + 0*x**3 + 1/8*x**4 - 1/120*x**6 + 1/20*x**5. Let d = -1 - -5. What is g(d)?
-4
Let w(m) = 3*m**2 + 4. Let v(p) = -7*p**2 + p - 9. Let a(k) = 4*v(k) + 9*w(k). Let u be a(2). Let r(f) = f**3 - 3*f**2 - 4*f + 2. Determine r(u).
2
Let p(t) be the third derivative of -t**4/6 + t**3/6 - 4*t**2. Let o(z) = 7*z - 2. Let b(u) = 6*o(u) + 11*p(u). Give b(-3).
5
Let a(y) = -2*y**2 + 2*y + 2. Let x(w) = w**3 - 10*w**2 + 9*w + 3. Let v be (4/6)/(4/54). Let b be x(v). Let f = b - 1. What is a(f)?
-2
Let f(o) = -3*o**3 - o**2 + o + 8. Let d(x) = -14 + 3*x**2 - x**2 - 9 + 2*x**2 + 8*x**3 - 3*x. Let p(n) = -4*d(n) - 11*f(n). Give p(4).
-8
Let m(s) = s + 10. Let b be m(-7). Suppose f - 8 = b*f. Let q(a) = -2*a - 3. Give q(f).
5
Let b(o) be the third derivative of o**5/60 + o**4/24 - 2*o**3/3 - 3*o**2. Suppose 5*r = 2*r - 9. Let a(q) = -q**2 - 3*q + 3. Let p be a(r). What is b(p)?
8
Let r(q) = -4*q**2 - 5*q - 2. Let v(l) = -3*l**2 - 5*l - 2. Let m be 3 - 15/6*2. Let z(u) = m*r(u) + 3*v(u). Let t be (-6 + 1)*8/10. Determine z(t).
2
Let h(v) = v**3 + 2*v**2 - 4*v - 4. Let k(o) = 3*o + 3. Let c = 7 + -10. Let g = 1 + c. Let a be k(g). Determine h(a).
-1
Suppose 0 = 2*g - g + 2. Let a(o) be the first derivative of -5*o**2/2 - 4*o - 1. Let f(h) = -h**2 + h + 1. Let m(i) = a(i) + 2*f(i). Calculate m(g).
-4
Let t be (-63)/(-6)*(-64)/(-12). Let b be t/(-9) - 14/(-63). Let i(c) = c**2 + 7*c + 5. Calculate i(b).
-1
Let a(p) = -p**2 + 5*p - 2. Let h be a(3). Let g(v) be the first derivative of -5/2*v**2 - 2 + 1/3*v**3 + 2*v. Determine g(h).
-2
Let f(p) = 5*p - 4. Let x(z) = 4*z + 3. Let a(q) = -4*q - 2. Let v(y) = 6*a(y) + 5*x(y). Let k(t) = -3*f(t) - 4*v(t). What is k(1)?
1
Suppose 5*t = -19 - 1. Let w be 1/(-2)*t - -4. Let i = w + -9. Let d(m) = m**2 + 6*m + 3. Calculate d(i).
-6
Let l = -12 - -20. Let b = -6 + l. Let v(c) = 4*c - 5. Let a(n) = -n**2 - 3*n + 4. Let k(d) = b*v(d) + 3*a(d). What is k(-2)?
-8
Let f(s) = 4*s**2 + 4*s + 3. Let n(q) = 5*q**2 + 5*q + 3. Let l(c) = 6*f(c) - 5*n(c). Suppose 0 = p + 4. Give l(p).
-9
Let s be (-3)/((-2)/(-3 - -5)). Let d(b) = -b**3 + 2*b**2 + 2*b + 2. Give d(s).
-1
Let l(x) = x**2 + x. Let b(i) = 3*i - 5. Let y be b(3). Calculate l(y).
20
Suppose 5*h - 2*h + 3 = 0. Let j(w) be the second derivative of w**5/5 + w**4/12 + w**3/6 + 7*w. What is j(h)?
-4
Let f(h) = 2*h + 5. Let n be f(-5). Let l(y) = -y - 2. Let r(x) = 2 - x + 0 + 2*x. Let i(t) = 4*l(t) + 3*r(t). Calculate i(n).
3
Let o = 8 - 0. Let p = o - 13. Let x(c) = c + 4. What is x(p)?
-1
Let k(t) = 2*t + t**2 - 2 + 0*t**2 - 3. Let h = 17 - 15. Suppose h*v = 2*b, -b + 16 = -6*b + v. Give k(b).
3
Let f(u) = -5*u - 9. Suppose -69 = -4*q + 35. Let g(z) = z + 2. Let m(i) = q*g(i) + 6*f(i). Give m(-2).
6
Let s(w) be the third derivative of -w**7/420 - w**5/120 - w**4/8 + w**2. Let j(i) be the second derivative of s(i). Give j(1).
-7
Suppose 3*g - 25 = -4. Let s(u) = u**2 - 6*u - 5. Let o be s(g). Let x(k) = -2*k**o + 2*k + 2 - 5 + 3*k**2. Determine x(-3).
0
Let h(p) = 4*p**3 - 5*p**2 - 3*p - 10. Let d(b) = b**3 - b - 1. Let o(s) = 3*d(s) - h(s). Suppose -25 = -2*a - 3*a. What is o(a)?
7
Let d(y) = -1 - 3*y**3 - 2*y**3 - 6*y**2 + 4*y**3 - 6*y. Let i be -2 + 12*1 + -2. Let v(p) = -p + 3. Let c be v(i). Calculate d(c).
4
Let q(h) = h**2 + 5. Let x be q(0). Let n be (-15)/(-6)*8/x. Let l(w) = -2*w + 4. Give l(n).
-4
Let h(i) = 4*i**3 + 2*i + 5. Suppose -3*k = -16 + 4. Let t(m) = -5*m**3 + m**2 - 2*m - 6. Let j(v) = k*h(v) + 3*t(v). Determine j(-3).
-4
Let c(a) = a - 11. Let j be c(8). Let r be (-2 - -5)*4/(-3). Let h = j - r. Let g(y) = -y**2 - y + 1. Determine g(h).
-1
Let f be -1 - (2 - 2)/5. Let x(w) be the first derivative of 5*w**2/2 + 2. Determine x(f).
-5
Let u(v) be the third derivative of 1/3*v**3 - 1/20*v**5 - 1/60*v**6 + 0*v**4 + 0 - v**2 + 0*v. Suppose 4*m + 0*n = 2*n - 10, 5*m = -2*n - 8. What is u(m)?
6
Let f be (-3)/(-2)*2/3. Let l(j) be the third derivative of j**7/1260 + j**6/720 + j**5/60 + 2*j**2. Let h(a) be the third derivative of l(a). Determine h(f).
5
Suppose 0*m = m + a, 4*a = 4*m - 32. Let c = 18 - 16. Let r(j) = -6*j + j**c + 4 - 3 + 1 + 1. What is r(m)?
-5
Let o(j) = j**2 + 3*j - 3. Let v(f) = -2*f**2 - 7*f + 7. Let g(h) = -7*o(h) - 3*v(h). Let z = 3 + -2. Let x = 1 + z. Calculate g(x).
-4
Let n(z) = 5*z - 24. Let y be n(4). Let v(c) = c**2 + 4*c - 2. What is v(y)?
-2
Let c(h) = -2*h**3 + 2*h**2 - 2*h - 3. Let r(i) = -i**2 + i + 1. Let j(v) = c(v) + 3*r(v). Suppose -2*a + 7*z + 2 = 2*z, 5*a - 5 = 4*z. What is j(a)?
-2
Let l(p) = -p - 6. Let n(s) = -s**3 - 10*s**2 - 10*s - 14. Let y be n(-9). Calculate l(y).
-1
Let i be 0*(-4 - 35/(-10)). Let t(u) be the second derivative of 1/20*u**5 + 0 - 9/2*u**2 - u - 1/6*u**3 + 1/12*u**4. Give t(i).
-9
Let t = 32 + -20. Suppose 5*m - s = m + 4, 0 = -m + 3*s + t. Let g = 4 + m. Let h(k) = k + 4. Give h(g).
8
Let g(j) = -4*j - 7. Let c(v) = 2*v - 16. Let z be c(7). Let s(d) = 5*d + 7. Let f(x) = z*s(x) - 3*g(x). Determine f(-5).
-3
Let r(c) = c**2 - 4*c - 4. Let h be 10*(3 - (-28)/(-8))/(-1). What is r(h)?
1
Let a = 13 + -8. Let r(i) = i**2 - 4*i - 6. Let n(v) = 3*v**2 - 9*v - 13. Let z(q) = a*r(q) - 2*n(q). Determine z(-3).
-7
Let d(u) be the third derivative of 0 + 0*u + u**4 + 5/3*u**3 - 2*u**2. Let k(v) = 5*v + 2. Let q(b) = 3*d(b) - 14*k(b). Give q(-4).
-6
Suppose 13 = -a + 3*f, -3*a - 4 = -2*f - 0. Let v(i) be the first derivative of -1/4*i**4 - i - 2/3*i**3 + 1/2*i**a + 2. Give v(-3).
5
Let a(b) = b**3 - b + 1. Let s = -35 + 35. Calculate a(s).
1
Let v(z) = z**2 + 5*z - 6. Let x(d) = 4*d